{"id":3213,"date":"2024-02-07T10:18:50","date_gmt":"2024-02-07T09:18:50","guid":{"rendered":"https:\/\/www.amsc-pfeffelbach.de\/?page_id=3213"},"modified":"2024-03-21T12:33:14","modified_gmt":"2024-03-21T11:33:14","slug":"autoteile-jakobs-wuetschner","status":"publish","type":"page","link":"https:\/\/www.amsc-pfeffelbach.de\/index.php\/autoteile-jakobs-wuetschner\/","title":{"rendered":"Autoteile Jakobs W\u00fctschner"},"content":{"rendered":"\t\t<div data-elementor-type=\"wp-page\" data-elementor-id=\"3213\" class=\"elementor elementor-3213\" data-elementor-post-type=\"page\">\n\t\t\t\t\t\t<section data-particle_enable=\"false\" data-particle-mobile-disabled=\"false\" class=\"elementor-section elementor-top-section elementor-element elementor-element-261a281 elementor-section-boxed elementor-section-height-default elementor-section-height-default\" data-id=\"261a281\" data-element_type=\"section\">\n\t\t\t\t\t\t<div class=\"elementor-container elementor-column-gap-default\">\n\t\t\t\t\t<div class=\"elementor-column elementor-col-100 elementor-top-column elementor-element elementor-element-cd06f57\" data-id=\"cd06f57\" data-element_type=\"column\">\n\t\t\t<div class=\"elementor-widget-wrap elementor-element-populated\">\n\t\t\t\t\r\n\t\t<div class=\"elementor-element elementor-element-f5cd068 elementor-widget elementor-widget-image\" data-id=\"f5cd068\" data-element_type=\"widget\" data-widget_type=\"image.default\">\n\t\t\t\t<div class=\"elementor-widget-container\">\n\t\t\t\t\t\t\t\t\t\t\t\t\t\t\t<img fetchpriority=\"high\" decoding=\"async\" width=\"375\" height=\"165\" src=\"https:\/\/www.amsc-pfeffelbach.de\/wp-content\/uploads\/2024\/03\/WF_JK_Logo_72dpi_0423.png\" class=\"attachment-medium_large size-medium_large wp-image-3315\" alt=\"\" srcset=\"https:\/\/www.amsc-pfeffelbach.de\/wp-content\/uploads\/2024\/03\/WF_JK_Logo_72dpi_0423.png 375w, https:\/\/www.amsc-pfeffelbach.de\/wp-content\/uploads\/2024\/03\/WF_JK_Logo_72dpi_0423-300x132.png 300w\" sizes=\"(max-width: 375px) 100vw, 375px\" \/>\t\t\t\t\t\t\t\t\t\t\t\t\t\t\t<\/div>\n\t\t\t\t<\/div>\n\t\t\t\t<div class=\"elementor-element elementor-element-1d7ad76 elementor-shape-circle elementor-grid-0 e-grid-align-center elementor-widget elementor-widget-social-icons\" data-id=\"1d7ad76\" data-element_type=\"widget\" data-widget_type=\"social-icons.default\">\n\t\t\t\t<div class=\"elementor-widget-container\">\n\t\t\t\t\t\t\t<div class=\"elementor-social-icons-wrapper elementor-grid\" role=\"list\">\n\t\t\t\t\t\t\t<span class=\"elementor-grid-item\" role=\"listitem\">\n\t\t\t\t\t<a class=\"elementor-icon elementor-social-icon elementor-social-icon-link elementor-repeater-item-986ed40\" href=\"https:\/\/www.wuetschner.com\/\" target=\"_blank\">\n\t\t\t\t\t\t<span class=\"elementor-screen-only\">Link<\/span>\n\t\t\t\t\t\t<i aria-hidden=\"true\" class=\"fas fa-link\"><\/i>\t\t\t\t\t<\/a>\n\t\t\t\t<\/span>\n\t\t\t\t\t\t\t<span class=\"elementor-grid-item\" role=\"listitem\">\n\t\t\t\t\t<a class=\"elementor-icon elementor-social-icon elementor-social-icon-instagram elementor-repeater-item-4b09cfd\" href=\"https:\/\/instagram.com\/wuetschner_fahrzeugteile\" target=\"_blank\">\n\t\t\t\t\t\t<span class=\"elementor-screen-only\">Instagram<\/span>\n\t\t\t\t\t\t<i aria-hidden=\"true\" class=\"fab fa-instagram\"><\/i>\t\t\t\t\t<\/a>\n\t\t\t\t<\/span>\n\t\t\t\t\t\t\t<span class=\"elementor-grid-item\" role=\"listitem\">\n\t\t\t\t\t<a class=\"elementor-icon elementor-social-icon elementor-social-icon-xing elementor-repeater-item-0cbec88\" href=\"https:\/\/www.xing.com\/pages\/wutschnerfahrzeugteilegmbh\" target=\"_blank\">\n\t\t\t\t\t\t<span class=\"elementor-screen-only\">Xing<\/span>\n\t\t\t\t\t\t<i aria-hidden=\"true\" class=\"fab fa-xing\"><\/i>\t\t\t\t\t<\/a>\n\t\t\t\t<\/span>\n\t\t\t\t\t\t\t<span class=\"elementor-grid-item\" role=\"listitem\">\n\t\t\t\t\t<a class=\"elementor-icon elementor-social-icon elementor-social-icon-phone elementor-repeater-item-5a011c5\" href=\"tel:+49638192340\" target=\"_blank\">\n\t\t\t\t\t\t<span class=\"elementor-screen-only\">Phone<\/span>\n\t\t\t\t\t\t<i aria-hidden=\"true\" class=\"fas fa-phone\"><\/i>\t\t\t\t\t<\/a>\n\t\t\t\t<\/span>\n\t\t\t\t\t\t\t<span class=\"elementor-grid-item\" role=\"listitem\">\n\t\t\t\t\t<a class=\"elementor-icon elementor-social-icon elementor-social-icon-envelope elementor-repeater-item-c2744f4\" href=\"mailto:verkauf@kusel.jakobs-autoteile.de\" target=\"_blank\">\n\t\t\t\t\t\t<span class=\"elementor-screen-only\">Envelope<\/span>\n\t\t\t\t\t\t<i aria-hidden=\"true\" class=\"far fa-envelope\"><\/i>\t\t\t\t\t<\/a>\n\t\t\t\t<\/span>\n\t\t\t\t\t<\/div>\n\t\t\t\t\t\t<\/div>\n\t\t\t\t<\/div>\n\t\t\t\t\t<\/div>\n\t\t<\/div>\n\t\t\t\t\t<\/div>\n\t\t<\/section>\n\t\t\t\t<section data-particle_enable=\"false\" data-particle-mobile-disabled=\"false\" class=\"elementor-section elementor-top-section elementor-element elementor-element-27e163e elementor-section-boxed elementor-section-height-default elementor-section-height-default\" data-id=\"27e163e\" data-element_type=\"section\">\n\t\t\t\t\t\t<div class=\"elementor-container elementor-column-gap-default\">\n\t\t\t\t\t<div class=\"elementor-column elementor-col-100 elementor-top-column elementor-element elementor-element-facfb96\" data-id=\"facfb96\" data-element_type=\"column\">\n\t\t\t<div class=\"elementor-widget-wrap elementor-element-populated\">\n\t\t\t\t\t\t<div class=\"elementor-element elementor-element-e58e4e0 elementor-widget elementor-widget-text-editor\" data-id=\"e58e4e0\" data-element_type=\"widget\" data-widget_type=\"text-editor.default\">\n\t\t\t\t<div class=\"elementor-widget-container\">\n\t\t\t\t\t\t\t\t\t<h1 style=\"text-align: center;\">Konzepte<\/h1><h1 style=\"text-align: center;\">Wir haben die Bausteine f\u00fcr Ihren Erfolg:<\/h1><ul><li style=\"text-align: center;\">F\u00fcr PKW-Werkst\u00e4tten<\/li><li style=\"text-align: center;\">F\u00fcr NKW-Werkst\u00e4tten<\/li><li style=\"text-align: center;\">F\u00fcr Kfz-Teile-H\u00e4ndler<\/li><li style=\"text-align: center;\">Systemberater, die Sie umfassend informieren<\/li><li style=\"text-align: center;\">Profi-Service-Tage \u2013 Praxis zum Anfassen<\/li><li style=\"text-align: center;\">Profi-Service-Digital \u2013 Die Welt wird digitaler<\/li><\/ul>\t\t\t\t\t\t\t\t<\/div>\n\t\t\t\t<\/div>\n\t\t\t\t\t<\/div>\n\t\t<\/div>\n\t\t\t\t\t<\/div>\n\t\t<\/section>\n\t\t\t\t<\/div>\n\t\t","protected":false},"excerpt":{"rendered":"<p>Link Instagram Xing Phone Envelope Konzepte Wir haben die Bausteine f\u00fcr Ihren Erfolg: F\u00fcr PKW-Werkst\u00e4tten F\u00fcr NKW-Werkst\u00e4tten F\u00fcr Kfz-Teile-H\u00e4ndler Systemberater, die Sie umfassend informieren Profi-Service-Tage \u2013 Praxis zum Anfassen Profi-Service-Digital \u2013 Die Welt wird digitaler<\/p>\n","protected":false},"author":1,"featured_media":3315,"parent":0,"menu_order":0,"comment_status":"closed","ping_status":"closed","template":"","meta":{"_kadence_starter_templates_imported_post":false,"_kad_post_transparent":"","_kad_post_title":"hide","_kad_post_layout":"fullwidth","_kad_post_sidebar_id":"","_kad_post_content_style":"unboxed","_kad_post_vertical_padding":"hide","_kad_post_feature":"hide","_kad_post_feature_position":"","_kad_post_header":false,"_kad_post_footer":false,"_kad_post_classname":"","footnotes":""},"class_list":["post-3213","page","type-page","status-publish","has-post-thumbnail","hentry"],"yoast_head":"<!-- This site is optimized with the Yoast SEO plugin v26.4 - https:\/\/yoast.com\/wordpress\/plugins\/seo\/ -->\n<title>Autoteile Jakobs W\u00fctschner - AMSC Pfeffelbach<\/title>\n<meta name=\"robots\" content=\"index, follow, max-snippet:-1, max-image-preview:large, max-video-preview:-1\" \/>\n<link rel=\"canonical\" href=\"https:\/\/www.amsc-pfeffelbach.de\/index.php\/autoteile-jakobs-wuetschner\/\" \/>\n<meta property=\"og:locale\" content=\"de_DE\" \/>\n<meta property=\"og:type\" content=\"article\" \/>\n<meta property=\"og:title\" content=\"Autoteile Jakobs W\u00fctschner - AMSC Pfeffelbach\" \/>\n<meta property=\"og:description\" content=\"Link Instagram Xing Phone Envelope Konzepte Wir haben die Bausteine f\u00fcr Ihren Erfolg: F\u00fcr PKW-Werkst\u00e4tten F\u00fcr NKW-Werkst\u00e4tten F\u00fcr Kfz-Teile-H\u00e4ndler Systemberater, die Sie umfassend informieren Profi-Service-Tage \u2013 Praxis zum Anfassen Profi-Service-Digital \u2013 Die Welt wird digitaler\" \/>\n<meta property=\"og:url\" content=\"https:\/\/www.amsc-pfeffelbach.de\/index.php\/autoteile-jakobs-wuetschner\/\" \/>\n<meta property=\"og:site_name\" content=\"AMSC Pfeffelbach\" \/>\n<meta property=\"article:publisher\" content=\"https:\/\/www.facebook.com\/AMSC-Pfeffelbach-eV-366821680119547\" \/>\n<meta property=\"article:modified_time\" content=\"2024-03-21T11:33:14+00:00\" \/>\n<meta property=\"og:image\" content=\"https:\/\/www.amsc-pfeffelbach.de\/wp-content\/uploads\/2024\/03\/WF_JK_Logo_72dpi_0423.png\" \/>\n\t<meta property=\"og:image:width\" content=\"375\" \/>\n\t<meta property=\"og:image:height\" content=\"165\" \/>\n\t<meta property=\"og:image:type\" content=\"image\/png\" \/>\n<meta name=\"twitter:card\" content=\"summary_large_image\" \/>\n<meta name=\"twitter:label1\" content=\"Gesch\u00e4tzte Lesezeit\" \/>\n\t<meta name=\"twitter:data1\" content=\"1\u00a0Minute\" \/>\n<script type=\"application\/ld+json\" class=\"yoast-schema-graph\">{\"@context\":\"https:\/\/schema.org\",\"@graph\":[{\"@type\":\"WebPage\",\"@id\":\"https:\/\/www.amsc-pfeffelbach.de\/index.php\/autoteile-jakobs-wuetschner\/\",\"url\":\"https:\/\/www.amsc-pfeffelbach.de\/index.php\/autoteile-jakobs-wuetschner\/\",\"name\":\"Autoteile Jakobs W\u00fctschner - AMSC Pfeffelbach\",\"isPartOf\":{\"@id\":\"https:\/\/www.amsc-pfeffelbach.de\/#website\"},\"primaryImageOfPage\":{\"@id\":\"https:\/\/www.amsc-pfeffelbach.de\/index.php\/autoteile-jakobs-wuetschner\/#primaryimage\"},\"image\":{\"@id\":\"https:\/\/www.amsc-pfeffelbach.de\/index.php\/autoteile-jakobs-wuetschner\/#primaryimage\"},\"thumbnailUrl\":\"https:\/\/www.amsc-pfeffelbach.de\/wp-content\/uploads\/2024\/03\/WF_JK_Logo_72dpi_0423.png\",\"datePublished\":\"2024-02-07T09:18:50+00:00\",\"dateModified\":\"2024-03-21T11:33:14+00:00\",\"breadcrumb\":{\"@id\":\"https:\/\/www.amsc-pfeffelbach.de\/index.php\/autoteile-jakobs-wuetschner\/#breadcrumb\"},\"inLanguage\":\"de\",\"potentialAction\":[{\"@type\":\"ReadAction\",\"target\":[\"https:\/\/www.amsc-pfeffelbach.de\/index.php\/autoteile-jakobs-wuetschner\/\"]}]},{\"@type\":\"ImageObject\",\"inLanguage\":\"de\",\"@id\":\"https:\/\/www.amsc-pfeffelbach.de\/index.php\/autoteile-jakobs-wuetschner\/#primaryimage\",\"url\":\"https:\/\/www.amsc-pfeffelbach.de\/wp-content\/uploads\/2024\/03\/WF_JK_Logo_72dpi_0423.png\",\"contentUrl\":\"https:\/\/www.amsc-pfeffelbach.de\/wp-content\/uploads\/2024\/03\/WF_JK_Logo_72dpi_0423.png\",\"width\":375,\"height\":165},{\"@type\":\"BreadcrumbList\",\"@id\":\"https:\/\/www.amsc-pfeffelbach.de\/index.php\/autoteile-jakobs-wuetschner\/#breadcrumb\",\"itemListElement\":[{\"@type\":\"ListItem\",\"position\":1,\"name\":\"Startseite\",\"item\":\"https:\/\/www.amsc-pfeffelbach.de\/\"},{\"@type\":\"ListItem\",\"position\":2,\"name\":\"Autoteile Jakobs W\u00fctschner\"}]},{\"@type\":\"WebSite\",\"@id\":\"https:\/\/www.amsc-pfeffelbach.de\/#website\",\"url\":\"https:\/\/www.amsc-pfeffelbach.de\/\",\"name\":\"AMSC Pfeffelbach\",\"description\":\"\",\"publisher\":{\"@id\":\"https:\/\/www.amsc-pfeffelbach.de\/#organization\"},\"potentialAction\":[{\"@type\":\"SearchAction\",\"target\":{\"@type\":\"EntryPoint\",\"urlTemplate\":\"https:\/\/www.amsc-pfeffelbach.de\/?s={search_term_string}\"},\"query-input\":{\"@type\":\"PropertyValueSpecification\",\"valueRequired\":true,\"valueName\":\"search_term_string\"}}],\"inLanguage\":\"de\"},{\"@type\":\"Organization\",\"@id\":\"https:\/\/www.amsc-pfeffelbach.de\/#organization\",\"name\":\"AMSC Pfeffelbach\",\"url\":\"https:\/\/www.amsc-pfeffelbach.de\/\",\"logo\":{\"@type\":\"ImageObject\",\"inLanguage\":\"de\",\"@id\":\"https:\/\/www.amsc-pfeffelbach.de\/#\/schema\/logo\/image\/\",\"url\":\"https:\/\/www.amsc-pfeffelbach.de\/wp-content\/uploads\/2022\/01\/amsc.png\",\"contentUrl\":\"https:\/\/www.amsc-pfeffelbach.de\/wp-content\/uploads\/2022\/01\/amsc.png\",\"width\":274,\"height\":184,\"caption\":\"AMSC Pfeffelbach\"},\"image\":{\"@id\":\"https:\/\/www.amsc-pfeffelbach.de\/#\/schema\/logo\/image\/\"},\"sameAs\":[\"https:\/\/www.facebook.com\/AMSC-Pfeffelbach-eV-366821680119547\",\"https:\/\/www.instagram.com\/amsc_pfeffelbach\"]}]}<\/script>\n<!-- \/ Yoast SEO plugin. -->","yoast_head_json":{"title":"Autoteile Jakobs W\u00fctschner - AMSC Pfeffelbach","robots":{"index":"index","follow":"follow","max-snippet":"max-snippet:-1","max-image-preview":"max-image-preview:large","max-video-preview":"max-video-preview:-1"},"canonical":"https:\/\/www.amsc-pfeffelbach.de\/index.php\/autoteile-jakobs-wuetschner\/","og_locale":"de_DE","og_type":"article","og_title":"Autoteile Jakobs W\u00fctschner - AMSC Pfeffelbach","og_description":"Link Instagram Xing Phone Envelope Konzepte Wir haben die Bausteine f\u00fcr Ihren Erfolg: F\u00fcr PKW-Werkst\u00e4tten F\u00fcr NKW-Werkst\u00e4tten F\u00fcr Kfz-Teile-H\u00e4ndler Systemberater, die Sie umfassend informieren Profi-Service-Tage \u2013 Praxis zum Anfassen Profi-Service-Digital \u2013 Die Welt wird digitaler","og_url":"https:\/\/www.amsc-pfeffelbach.de\/index.php\/autoteile-jakobs-wuetschner\/","og_site_name":"AMSC Pfeffelbach","article_publisher":"https:\/\/www.facebook.com\/AMSC-Pfeffelbach-eV-366821680119547","article_modified_time":"2024-03-21T11:33:14+00:00","og_image":[{"width":375,"height":165,"url":"https:\/\/www.amsc-pfeffelbach.de\/wp-content\/uploads\/2024\/03\/WF_JK_Logo_72dpi_0423.png","type":"image\/png"}],"twitter_card":"summary_large_image","twitter_misc":{"Gesch\u00e4tzte Lesezeit":"1\u00a0Minute"},"schema":{"@context":"https:\/\/schema.org","@graph":[{"@type":"WebPage","@id":"https:\/\/www.amsc-pfeffelbach.de\/index.php\/autoteile-jakobs-wuetschner\/","url":"https:\/\/www.amsc-pfeffelbach.de\/index.php\/autoteile-jakobs-wuetschner\/","name":"Autoteile Jakobs W\u00fctschner - AMSC Pfeffelbach","isPartOf":{"@id":"https:\/\/www.amsc-pfeffelbach.de\/#website"},"primaryImageOfPage":{"@id":"https:\/\/www.amsc-pfeffelbach.de\/index.php\/autoteile-jakobs-wuetschner\/#primaryimage"},"image":{"@id":"https:\/\/www.amsc-pfeffelbach.de\/index.php\/autoteile-jakobs-wuetschner\/#primaryimage"},"thumbnailUrl":"https:\/\/www.amsc-pfeffelbach.de\/wp-content\/uploads\/2024\/03\/WF_JK_Logo_72dpi_0423.png","datePublished":"2024-02-07T09:18:50+00:00","dateModified":"2024-03-21T11:33:14+00:00","breadcrumb":{"@id":"https:\/\/www.amsc-pfeffelbach.de\/index.php\/autoteile-jakobs-wuetschner\/#breadcrumb"},"inLanguage":"de","potentialAction":[{"@type":"ReadAction","target":["https:\/\/www.amsc-pfeffelbach.de\/index.php\/autoteile-jakobs-wuetschner\/"]}]},{"@type":"ImageObject","inLanguage":"de","@id":"https:\/\/www.amsc-pfeffelbach.de\/index.php\/autoteile-jakobs-wuetschner\/#primaryimage","url":"https:\/\/www.amsc-pfeffelbach.de\/wp-content\/uploads\/2024\/03\/WF_JK_Logo_72dpi_0423.png","contentUrl":"https:\/\/www.amsc-pfeffelbach.de\/wp-content\/uploads\/2024\/03\/WF_JK_Logo_72dpi_0423.png","width":375,"height":165},{"@type":"BreadcrumbList","@id":"https:\/\/www.amsc-pfeffelbach.de\/index.php\/autoteile-jakobs-wuetschner\/#breadcrumb","itemListElement":[{"@type":"ListItem","position":1,"name":"Startseite","item":"https:\/\/www.amsc-pfeffelbach.de\/"},{"@type":"ListItem","position":2,"name":"Autoteile Jakobs W\u00fctschner"}]},{"@type":"WebSite","@id":"https:\/\/www.amsc-pfeffelbach.de\/#website","url":"https:\/\/www.amsc-pfeffelbach.de\/","name":"AMSC Pfeffelbach","description":"","publisher":{"@id":"https:\/\/www.amsc-pfeffelbach.de\/#organization"},"potentialAction":[{"@type":"SearchAction","target":{"@type":"EntryPoint","urlTemplate":"https:\/\/www.amsc-pfeffelbach.de\/?s={search_term_string}"},"query-input":{"@type":"PropertyValueSpecification","valueRequired":true,"valueName":"search_term_string"}}],"inLanguage":"de"},{"@type":"Organization","@id":"https:\/\/www.amsc-pfeffelbach.de\/#organization","name":"AMSC Pfeffelbach","url":"https:\/\/www.amsc-pfeffelbach.de\/","logo":{"@type":"ImageObject","inLanguage":"de","@id":"https:\/\/www.amsc-pfeffelbach.de\/#\/schema\/logo\/image\/","url":"https:\/\/www.amsc-pfeffelbach.de\/wp-content\/uploads\/2022\/01\/amsc.png","contentUrl":"https:\/\/www.amsc-pfeffelbach.de\/wp-content\/uploads\/2022\/01\/amsc.png","width":274,"height":184,"caption":"AMSC Pfeffelbach"},"image":{"@id":"https:\/\/www.amsc-pfeffelbach.de\/#\/schema\/logo\/image\/"},"sameAs":["https:\/\/www.facebook.com\/AMSC-Pfeffelbach-eV-366821680119547","https:\/\/www.instagram.com\/amsc_pfeffelbach"]}]}},"jetpack_sharing_enabled":true,"_links":{"self":[{"href":"https:\/\/www.amsc-pfeffelbach.de\/index.php\/wp-json\/wp\/v2\/pages\/3213","targetHints":{"allow":["GET"]}}],"collection":[{"href":"https:\/\/www.amsc-pfeffelbach.de\/index.php\/wp-json\/wp\/v2\/pages"}],"about":[{"href":"https:\/\/www.amsc-pfeffelbach.de\/index.php\/wp-json\/wp\/v2\/types\/page"}],"author":[{"embeddable":true,"href":"https:\/\/www.amsc-pfeffelbach.de\/index.php\/wp-json\/wp\/v2\/users\/1"}],"replies":[{"embeddable":true,"href":"https:\/\/www.amsc-pfeffelbach.de\/index.php\/wp-json\/wp\/v2\/comments?post=3213"}],"version-history":[{"count":11,"href":"https:\/\/www.amsc-pfeffelbach.de\/index.php\/wp-json\/wp\/v2\/pages\/3213\/revisions"}],"predecessor-version":[{"id":3318,"href":"https:\/\/www.amsc-pfeffelbach.de\/index.php\/wp-json\/wp\/v2\/pages\/3213\/revisions\/3318"}],"wp:featuredmedia":[{"embeddable":true,"href":"https:\/\/www.amsc-pfeffelbach.de\/index.php\/wp-json\/wp\/v2\/media\/3315"}],"wp:attachment":[{"href":"https:\/\/www.amsc-pfeffelbach.de\/index.php\/wp-json\/wp\/v2\/media?parent=3213"}],"curies":[{"name":"wp","href":"https:\/\/api.w.org\/{rel}","templated":true}]}}